*r - i = 11. Calculate the remainder when 35 is divided by r.
11
Let f(r) = 41*r - 1. Let w(x) = -2*x + 2. Let n be (-25)/4 - (-2)/8. Calculate the remainder when f(1) is divided by w(n).
12
Let n = 17 + 8. Suppose 0*h + n = 5*h. Suppose x - 27 = 5*v, -x - v + 3*v + 12 = 0. Calculate the remainder when h is divided by x.
1
Suppose 1 = -2*z + 9. Suppose 4*n + 3*p - 22 = 0, 4*p - 20 = -2*n - z. Suppose -57 = -9*y + n*y - j, 2*j + 7 = y. What is the remainder when 30 is divided by y?
8
Suppose -4*i - 16 = -3*x, 3*i + 10 = 5*i. Let a = x - 9. Calculate the remainder when 7 is divided by a.
1
Let q = 83 + -170. Let d = q - -125. Calculate the remainder when d is divided by 10.
8
Suppose 0*j - 49 = -j. Let p be 1*j + (-6)/(-3). Suppose -9 = -4*z + p. What is the remainder when 43 is divided by z?
13
Calculate the remainder when 6/18 - (-250)/6 is divided by 11.
9
Suppose n + 0 = -4. What is the remainder when ((-2)/n)/(15/1260) is divided by 22?
20
Let l(z) = -4*z**2 - 4 - 3*z + 5 + 0 - 3 - 4*z**3. Calculate the remainder when 79 is divided by l(-2).
19
What is the remainder when 51 is divided by (14 - -1) + 9/3?
15
Suppose -3*h + 140 = 4*u - h, 70 = 2*u - h. Let k = -8 - -19. Let y(t) = -t + 23. What is the remainder when u is divided by y(k)?
11
Suppose -255 = 5*q + 5*x, 0 = q - 3*q - x - 97. Let o = q + 105. Let y(m) = -m**3 + m - 4. Calculate the remainder when o is divided by y(-3).
19
Suppose 3*p - 2 + 8 = 0. Let k(m) = -10*m**2 - m - 1. Let b be k(p). What is the remainder when -3 + (-2)/3*b is divided by 12?
11
Let a = -80 - -52. Calculate the remainder when 5 is divided by a/8*4/(-7).
1
Let o(f) = -f**2. Let q(z) = 18*z**2 + 2. Let b(v) = 10*o(v) + q(v). Suppose 36 = 3*i - 0*i. Calculate the remainder when b(-2) is divided by i.
10
Let n(y) = -y + 6. Let s be n(6). Suppose -2*k = -3*o - s*o - 13, -1 = -o + 2*k. Let p = o + 15. What is the remainder when p is divided by 5?
3
Let y(f) = f**3 + 8*f**2 - 3*f + 3. What is the remainder when y(-7) is divided by 19?
16
Let d = 77 - 65. Calculate the remainder when 57 is divided by d.
9
What is the remainder when 7 is divided by ((-3)/2)/(3/(-8))?
3
Let a(q) be the first derivative of q**3 + 7*q**2/2 + 4*q - 1. Let w be a(-4). Let j = -12 + w. Calculate the remainder when 34 is divided by j.
10
Let o = 5 - -16. Calculate the remainder when 103 is divided by o.
19
Let k(t) = 6*t**2 + 2*t - 1. Let u be (-10)/6*(1 + 2). Let w = u - -12. What is the remainder when k(-2) is divided by w?
5
Let h be 146/(-9) - 4/(-18). Let v = h + 30. What is the remainder when 55 is divided by v?
13
What is the remainder when (-36)/15*2/(4/(-15)) is divided by 13?
5
Let l(n) = -n - 1. Let b be l(-4). Let w(d) = -5*d - b*d - d. What is the remainder when w(-4) is divided by 19?
17
What is the remainder when ((-214)/(-5))/((-6)/(-15)) is divided by 22?
19
Suppose -4 = -3*n + 17. What is the remainder when 18 is divided by n?
4
Suppose -d + 4*o + 26 + 105 = 0, 2*d + o = 244. Calculate the remainder when d is divided by 31.
30
Let w(u) = -5*u + 3. Let a(k) = -6*k + 3. Let p(y) = 5*a(y) - 4*w(y). Suppose 9 = 4*j - 7*j. What is the remainder when p(j) is divided by 17?
16
Suppose 96 = 5*o - 2*n, 0*n + 9 = -3*n. What is the remainder when 34 is divided by o?
16
Let p = 0 + 0. Suppose -3*z = -c + 20, p = c - 6*z + z - 20. Suppose 4 + 10 = -t - 5*r, -5*t + 5*r + 80 = 0. What is the remainder when c is divided by t?
9
Let y be ((-8)/5)/(4/(-70)). Let t = y + 57. Suppose 5*h - 259 = -3*j, 3*h - 5*j - t = h. Calculate the remainder when h is divided by 17.
16
Let t = -5 - -7. Suppose -q + 8 - t = 0. What is the remainder when 15 is divided by q?
3
Suppose 6*k = 2 + 136. What is the remainder when k is divided by 5?
3
Suppose -6*z - 52 = -3*x - z, -5*z = 3*x - 2. Calculate the remainder when x is divided by 3.
0
Suppose g = -3*g + 40. Let o(q) = 2*q**2 + 1. Calculate the remainder when o(3) is divided by g.
9
Suppose 4*y + 2*f - 2 = 0, y + 5 + 8 = -5*f. Suppose -2*h = y*h - 84. Calculate the remainder when 4 is divided by 2/(-7) - (-48)/h.
0
Suppose 86 = 2*x + 3*x - 4*r, -92 = -5*x - 2*r. What is the remainder when 51 is divided by x?
15
Suppose t - 44 = -2*m, -3*t + 88 = -0*t - 5*m. Let y = 57 - t. What is the remainder when 60 is divided by y?
18
Let t = 13 + -10. Calculate the remainder when 183/9 + t/(-9) is divided by 11.
9
Suppose -7*i = g - 5*i + 8, 0 = -3*i - 15. Let t be g/2*0/(-3). Calculate the remainder when t + 4/(8/34) is divided by 5.
2
Let s(z) = 4*z**2 - 1. What is the remainder when 59 is divided by s(-2)?
14
Suppose r - 6*r + 13 = 4*b, -2*r = b - 4. Suppose -d + b*j = -51, 5*d + 0*j = -j + 244. Suppose 4*y - 74 + 6 = 0. What is the remainder when d is divided by y?
15
Suppose -5*d - 25 = -110. What is the remainder when 66 is divided by d?
15
What is the remainder when 1*(-2)/6 - 1330/(-57) is divided by (-2)/4*(0 + -24)?
11
Let u be 4/(-14) + 60/14. Suppose o + 2*k = -o + 34, u*o - 4*k - 28 = 0. Calculate the remainder when 21 is divided by o.
9
Let l be 27*-1*185/(-15). Suppose 81 = -4*u + l. What is the remainder when u is divided by 16?
15
Let h = -84 + 113. What is the remainder when 55 is divided by h?
26
Let j(u) = -2 + 4*u + 3*u - u. Calculate the remainder when 19 is divided by j(2).
9
Let x(o) = o**2 - 3*o - 2. Let u be x(3). Let z = u + 3. Let y = 5 + z. What is the remainder when 17 is divided by y?
5
Suppose 0 = t - 7*t + 780. Calculate the remainder when ((-40)/(-25))/(4/t) is divided by 18.
16
Suppose 36 - 19 = f. Calculate the remainder when f is divided by 7.
3
Let c = 3 - 0. Let o = c + 11. Let y(l) = -6*l + 4. Calculate the remainder when y(-6) is divided by o.
12
Suppose -p + 4 = -3*p. What is the remainder when 23 is divided by 6/(1/p + 1)?
11
Let p(m) = 333*m + 2. Let j be p(1). Suppose -5*d = -4*q - j, d - q - 38 = 28. Calculate the remainder when d is divided by 18.
17
Calculate the remainder when -1*(-14 - 1 - 0) is divided by 4.
3
Let y = -137 + 400. What is the remainder when y is divided by 53?
51
Suppose 4*k = -2*q - 6 + 46, -3*q + 24 = 3*k. Calculate the remainder when 15 is divided by k.
3
Let f = 55 - 20. What is the remainder when f is divided by 12?
11
Suppose 0 = -4*z + 5*h + 52, 4*z - 52 = -h - 4*h. What is the remainder when z is divided by ((-1)/1)/(1/(-5))?
3
Let w(k) = 14*k**2 - 3*k - 5. Let d be w(4). What is the remainder when (8/(-12))/((-6)/d) is divided by 6?
5
Let a(o) = o**2 - 8*o + 3. Let l be a(8). Suppose -6*c = -5*u - c + 180, -182 = -5*u + l*c. What is the remainder when u is divided by 10?
7
Let t = -75 - -97. Calculate the remainder when 33 is divided by t.
11
Suppose -3*n = 2*t - 149, 0*t = -2*t - n + 147. Calculate the remainder when t/3 + (-2)/6 is divided by 13.
11
Let r(k) = 2*k + 8. Let h be r(-9). Calculate the remainder when 19 is divided by (-111)/(-15) + 4/h.
5
Let b(r) = -4*r + 10. Suppose 0 = k - 1, 2*x + 2*k = 204. Calculate the remainder when x is divided by b(-4).
23
Suppose 4*n = -1 - 7, -2*x - 3*n - 36 = 0. Calculate the remainder when 19 is divided by x/2*20/(-30).
4
Let a(f) = f**2 - 5*f - 3. Let n be a(6). Suppose 0 = -n*z - 2*z + 20. Suppose -z*w + 1 = -27. Calculate the remainder when 19 is divided by w.
5
Let w(g) = -g**2 + 14. Suppose 0 = -5*b + b - 8. Let h = 3 - b. What is the remainder when w(0) is divided by h?
4
Suppose -4*c = f - 144 - 65, c = 4*f + 48. Suppose -19 = 3*p - c. Calculate the remainder when 21 is divided by p.
10
Suppose 0 = 3*m + 12 - 135. Let j = m + -10. Let v = -5 - -16. Calculate the remainder when j is divided by v.
9
Let u(c) = c**2 + 2*c. Let y be u(-3). Let h = y + 1. Calculate the remainder when h is divided by 3.
1
Suppose -5*h + 117 = r + 21, 0 = h + 2*r - 21. Let g = h + -8. Let n = 19 - g. Calculate the remainder when 14 is divided by n.
6
Suppose -4*g + 28 = -4*f - 40, 5*f - g + 65 = 0. Let s(o) = -8*o + 6. Let j be s(0). Let p = j - f. Calculate the remainder when p is divided by 7.
4
Suppose -21 = -g - y, 2*g + g + 5*y - 71 = 0. What is the remainder when 28 is divided by g?
11
Let x = -101 + 363. What is the remainder when x is divided by 66?
64
Let n(t) = 2*t**2 + 2*t + 1. Let r(u) = u - 5. Let f(h) = 1. Let q(y) = 4*f(y) + r(y). What is the remainder when n(2) is divided by q(6)?
3
Let s(f) = 